ivided by 1934?
48
Calculate the remainder when 8436 is divided by 154.
120
What is the remainder when 76231 is divided by 26?
25
What is the remainder when 19467547 is divided by 629?
626
What is the remainder when 24515 is divided by 50?
15
Calculate the remainder when 298331 is divided by 6215.
11
What is the remainder when 7572 is divided by 159?
99
What is the remainder when 15310 is divided by 5093?
31
Calculate the remainder when 1921444 is divided by 156.
148
Calculate the remainder when 156320 is divided by 374.
362
Calculate the remainder when 1786 is divided by 71.
11
What is the remainder when 8679 is divided by 2825?
204
What is the remainder when 3178 is divided by 261?
46
What is the remainder when 115159 is divided by 57573?
13
Calculate the remainder when 32831 is divided by 342.
341
Calculate the remainder when 43730 is divided by 10.
0
Calculate the remainder when 2851 is divided by 365.
296
What is the remainder when 461059 is divided by 20?
19
What is the remainder when 13710 is divided by 1232?
158
What is the remainder when 182479 is divided by 205?
29
What is the remainder when 143033 is divided by 69?
65
Calculate the remainder when 45389 is divided by 31.
5
Calculate the remainder when 13926 is divided by 18.
12
Calculate the remainder when 3047 is divided by 1158.
731
Calculate the remainder when 16735 is divided by 2788.
7
What is the remainder when 2633 is divided by 13?
7
What is the remainder when 4918849 is divided by 10?
9
What is the remainder when 10753 is divided by 3528?
169
Calculate the remainder when 217 is divided by 61.
34
What is the remainder when 10786 is divided by 979?
17
Calculate the remainder when 141468 is divided by 301.
299
Calculate the remainder when 102872 is divided by 33.
11
What is the remainder when 72041 is divided by 948?
941
Calculate the remainder when 72699 is divided by 283.
251
What is the remainder when 807 is divided by 118?
99
Calculate the remainder when 15971 is divided by 38.
11
What is the remainder when 2176 is divided by 138?
106
What is the remainder when 35886 is divided by 619?
603
Calculate the remainder when 5419 is divided by 187.
183
What is the remainder when 6431 is divided by 1432?
703
Calculate the remainder when 8558 is divided by 214.
212
Calculate the remainder when 117701 is divided by 420.
101
Calculate the remainder when 6631 is divided by 19.
0
What is the remainder when 269163 is divided by 57?
9
What is the remainder when 168068 is divided by 47?
43
Calculate the remainder when 2088 is divided by 751.
586
Calculate the remainder when 12696 is divided by 6239.
218
Calculate the remainder when 3262 is divided by 219.
196
Calculate the remainder when 44858 is divided by 140.
58
Calculate the remainder when 38941 is divided by 12966.
43
What is the remainder when 683631 is divided by 94?
63
Calculate the remainder when 412 is divided by 39.
22
What is the remainder when 77147 is divided by 38568?
11
What is the remainder when 101574 is divided by 1181?
8
Calculate the remainder when 394397 is divided by 53.
24
Calculate the remainder when 59900 is divided by 29945.
10
Calculate the remainder when 127067 is divided by 115.
107
Calculate the remainder when 4803 is divided by 1405.
588
Calculate the remainder when 331316 is divided by 165641.
34
What is the remainder when 31941 is divided by 168?
21
Calculate the remainder when 473 is divided by 88.
33
What is the remainder when 1833 is divided by 535?
228
What is the remainder when 1079 is divided by 230?
159
What is the remainder when 375946 is divided by 177?
175
Calculate the remainder when 28832 is divided by 1270.
892
What is the remainder when 1706 is divided by 1517?
189
What is the remainder when 5823 is divided by 5822?
1
What is the remainder when 1323479 is divided by 410?
409
Calculate the remainder when 62774 is divided by 25.
24
Calculate the remainder when 1732 is divided by 224.
164
Calculate the remainder when 44535 is divided by 3421.
62
What is the remainder when 12264 is divided by 62?
50
What is the remainder when 9367 is divided by 388?
55
What is the remainder when 1058 is divided by 25?
8
What is the remainder when 45138 is divided by 15046?
0
Calculate the remainder when 164987 is divided by 35.
32
Calculate the remainder when 25488 is divided by 708.
0
What is the remainder when 2745107 is divided by 6?
5
What is the remainder when 2749 is divided by 351?
292
What is the remainder when 194107 is divided by 9702?
67
Calculate the remainder when 2371920 is divided by 281.
280
Calculate the remainder when 11190 is divided by 361.
360
What is the remainder when 58173 is divided by 173?
45
Calculate the remainder when 25700919 is divided by 31.
28
What is the remainder when 169345 is divided by 37?
33
Calculate the remainder when 1040336 is divided by 27.
26
Calculate the remainder when 10254 is divided by 5103.
48
What is the remainder when 47940 is divided by 2820?
0
Calculate the remainder when 445268 is divided by 5003.
1
Calculate the remainder when 1626 is divided by 441.
303
What is the remainder when 610658 is divided by 19?
17
What is the remainder when 136763 is divided by 2?
1
Calculate the remainder when 14399 is divided by 202.
57
Calculate the remainder when 130786 is divided by 10.
6
Calculate the remainder when 21897 is divided by 146.
143
What is the remainder when 38095 is divided by 73?
62
What is the remainder when 53751 is divided by 164?
123
Calculate the remainder when 44666 is divided by 1353.
17
What is the remainder when 6172 is divided by 5869?
303
Calculate the remainder when 24826 is divided by 90.
76
What is the remainder when 69810 is divided by 34860?
90
Calculate the remainder when 9385 is divided by 3094.
103
Calculate the remainder when 19840 is divided by 451.
447
What is the remainder when 2823 is divided by 14?
9
Calculate the remainder when 1046 is divided by 348.
2
What is the remainder when 14878 is divided by 15?
13
Calculate the remainder when 14727 is divided by 327.
12
What is the remainder when 8235 is divided by 516?
495
What is the remainder when 80424 is divided by 15?
9
Calculate the remainder when 1899 is divided by 1886.
13
Calculate the remainder when 6217 is divided by 239.
3
Calculate the remainder when 189324 is divided by 669.
666
What is the remainder when 643 is divided by 37?
14
Calculate the remainder when 571733 is divided by 207.
206
Calculate the remainder when 7859 is divided by 114.
107
What is the remainder when 65409 is divided by 175?
134
What is the remainder when 1733 is divided by 806?
121
What is the remainder when 35408 is divided by 156?
152
What is the remainder when 21925 is divided by 3132?
1
Calculate the remainder when 14597 is divided by 4862.
11
Calculate the remainder when 22550 is divided by 22547.
3
Calculate the remainder when 1950397 is divided by 115.
112
What is the remainder when 8099 is divided by 38?
5
Calculate the remainder when 9373 is divided by 493.
6
Calculate the remainder when 40461 is divided by 10.
1
What is the remainder when 5143 is divided by 66?
61
Calculate the remainder when 70353 is divided by 317.
296
What is the remainder when 1348 is divided by 1166?
182
What is the remainder when 29121 is divided by 260?
1
Calculate the remainder when 57810 is divided by 57775.
35
What is the remainder when 7500 is divided by 2316?
552
Calculate the remainder when 42443 is divided by 19.
16
What is the remainder when 58697 is divided by 29303?
91
What is the remainder when 2662 is divided by 311?
174
Calculate the remainder when 37049 is divided by 2315.
9
Calculate the remainder when 248253 is divided by 1030.
23
Calculate the remainder when 1628 is divided by 5.
3
What is the remainder when 7916 is divided by 464?
28
Calculate the remainder when 210 is divided by 116.
94
What is the remainder when 395860 is divided by 197925?
10
What is the remainder when 63897 is divided by 1521?
15
Calculate the remainder when 6172 is divided by 26.
10
What is the remainder when 378933 is divided by 1108?
1105
What is the remainder when 617 is divided by 295?
27
What is the remainder when 6708 is divided by 42?
30
Calculate the remainder when 30439 is divided by 30429.
10
Calculate the remainder wh